{"id":102,"date":"2024-11-21T11:13:25","date_gmt":"2024-11-21T09:13:25","guid":{"rendered":"https:\/\/casos-practics-identitat-digital.recursos.uoc.edu\/comunitats-practica-i-portafolis-professionals-en-lera-digital\/?page_id=102"},"modified":"2024-11-21T11:17:42","modified_gmt":"2024-11-21T09:17:42","slug":"3-6-solucions","status":"publish","type":"page","link":"https:\/\/casos-practics-identitat-digital.recursos.uoc.edu\/comunitats-practica-i-portafolis-professionals-en-lera-digital\/3-6-solucions\/","title":{"rendered":"3.6. Solucions"},"content":{"rendered":"<p>Anticipant-se al problema que sorgiria despr\u00e9s de la formaci\u00f3 pel que fa a la desigualtat en la compet\u00e8ncia digital dels docents, el centre va preparar la formaci\u00f3 de manera que inclogu\u00e9s un treball en comunitats de pr\u00e0ctica. Va intentar aparellar un docent amb una compet\u00e8ncia digital major amb un altre que no treballava tant amb eines digitals. Aquest enfocament d\u2019aprenentatge entre iguals va ser ben rebut per tot el claustre gr\u00e0cies al bon ambient que regnava entre els mestres.<\/p>\n<ul>\n<li><strong>Acompanyament i suport<\/strong>. Els docents amb m\u00e9s compet\u00e8ncia digital van actuar com a mentors. Van proporcionar suport continu i ajuda pr\u00e0ctica als seus companys amb menys experi\u00e8ncia.<\/li>\n<li><strong>Resoluci\u00f3 de dubtes en temps real<\/strong>. Les parelles van permetre la resoluci\u00f3 de dubtes i problemes en temps real. D\u2019aquesta manera, els docents menys experimentats podien avan\u00e7ar amb m\u00e9s seguretat.<\/li>\n<li><strong>Intercanvi de bones pr\u00e0ctiques<\/strong>. Aquest sistema va fomentar l\u2019intercanvi de bones pr\u00e0ctiques i l\u2019aprenentatge col\u00b7laboratiu. Va enriquir l\u2019experi\u00e8ncia de tot el claustre.<\/li>\n<\/ul>\n<p>Els resultats obtinguts van ser molt positius. Tot i que per q\u00fcestions de temps no sempre es podia fer aquest treball conjunt de manera uniforme, les parelles de treball van aconseguir reduir significativament les difer\u00e8ncies en compet\u00e8ncia digital entre els docents. Aix\u00f2 va permetre una aplicaci\u00f3 m\u00e9s homog\u00e8nia dels portafolis a les tutories i va millorar tant la capacitat dels mestres per gestionar els portafolis com l\u2019experi\u00e8ncia d\u2019aprenentatge dels alumnes.<\/p>\n<div class=\"featured featured-blue\"><p>En conclusi\u00f3, l\u2019estrat\u00e8gia de treballar en comunitats de pr\u00e0ctica va demostrar ser una soluci\u00f3 efectiva per superar les dificultats inicials en la implementaci\u00f3 dels portafolis digitals a l\u2019Escola els Estels. Aquesta experi\u00e8ncia tamb\u00e9 va posar de manifest la import\u00e0ncia de la formaci\u00f3 cont\u00ednua i l\u2019aprenentatge entre iguals per aconseguir una integraci\u00f3 exitosa de les tecnologies digitals en l\u2019educaci\u00f3.<\/p>\n<\/div>\n","protected":false},"excerpt":{"rendered":"<p>Anticipant-se al problema que sorgiria despr\u00e9s de la formaci\u00f3 pel que fa a la desigualtat en la compet\u00e8ncia digital dels docents, el centre va preparar la formaci\u00f3 de manera que inclogu\u00e9s un treball en comunitats de pr\u00e0ctica. Va intentar aparellar un docent amb una compet\u00e8ncia digital major amb un altre que no treballava tant amb [&hellip;]<\/p>\n","protected":false},"author":1,"featured_media":0,"parent":0,"menu_order":0,"comment_status":"closed","ping_status":"closed","template":"","meta":{"_acf_changed":false,"footnotes":""},"class_list":["post-102","page","type-page","status-publish","hentry"],"acf":[],"_links":{"self":[{"href":"https:\/\/casos-practics-identitat-digital.recursos.uoc.edu\/comunitats-practica-i-portafolis-professionals-en-lera-digital\/wp-json\/wp\/v2\/pages\/102"}],"collection":[{"href":"https:\/\/casos-practics-identitat-digital.recursos.uoc.edu\/comunitats-practica-i-portafolis-professionals-en-lera-digital\/wp-json\/wp\/v2\/pages"}],"about":[{"href":"https:\/\/casos-practics-identitat-digital.recursos.uoc.edu\/comunitats-practica-i-portafolis-professionals-en-lera-digital\/wp-json\/wp\/v2\/types\/page"}],"author":[{"embeddable":true,"href":"https:\/\/casos-practics-identitat-digital.recursos.uoc.edu\/comunitats-practica-i-portafolis-professionals-en-lera-digital\/wp-json\/wp\/v2\/users\/1"}],"replies":[{"embeddable":true,"href":"https:\/\/casos-practics-identitat-digital.recursos.uoc.edu\/comunitats-practica-i-portafolis-professionals-en-lera-digital\/wp-json\/wp\/v2\/comments?post=102"}],"version-history":[{"count":2,"href":"https:\/\/casos-practics-identitat-digital.recursos.uoc.edu\/comunitats-practica-i-portafolis-professionals-en-lera-digital\/wp-json\/wp\/v2\/pages\/102\/revisions"}],"predecessor-version":[{"id":104,"href":"https:\/\/casos-practics-identitat-digital.recursos.uoc.edu\/comunitats-practica-i-portafolis-professionals-en-lera-digital\/wp-json\/wp\/v2\/pages\/102\/revisions\/104"}],"wp:attachment":[{"href":"https:\/\/casos-practics-identitat-digital.recursos.uoc.edu\/comunitats-practica-i-portafolis-professionals-en-lera-digital\/wp-json\/wp\/v2\/media?parent=102"}],"curies":[{"name":"wp","href":"https:\/\/api.w.org\/{rel}","templated":true}]}}