{"id":119,"date":"2024-11-20T14:15:24","date_gmt":"2024-11-20T12:15:24","guid":{"rendered":"https:\/\/casos-practics-identitat-digital.recursos.uoc.edu\/gestio-identitat-digital-centre-primaria\/?page_id=119"},"modified":"2024-12-03T12:59:39","modified_gmt":"2024-12-03T10:59:39","slug":"3-5-solucions","status":"publish","type":"page","link":"https:\/\/casos-practics-identitat-digital.recursos.uoc.edu\/gestio-identitat-digital-centre-primaria\/3-5-solucions\/","title":{"rendered":"3.5. Solucions"},"content":{"rendered":"<p>El cas pr\u00e0ctic es va abordar des del punt de vista de l\u2019educaci\u00f3 i la prevenci\u00f3.<\/p>\n<ul>\n<li><strong>Formaci\u00f3 en identitat digital per a l\u2019alumnat<\/strong>. La professora d\u2019en Jon va fer un seguit d\u2019accions tutorials per formar els alumnes en seguretat, identitat digital, protecci\u00f3 de dades i xarxes socials. A m\u00e9s, hi van participar els Mossos d\u2019Esquadra amb unes xerrades de conscienciaci\u00f3 sobre la import\u00e0ncia de mantenir la informaci\u00f3 personal segura i protegir les dades personals pr\u00f2pies i les alienes. Aquestes xerrades, que es van dur a terme a l\u2019alumnat de quart a sis\u00e8, van ser molt \u00fatils per entendre el que havia succe\u00eft i per intentar que no torn\u00e9s a passar.<\/li>\n<li><strong>Tallers sobre identitat digital, controls parentals i protecci\u00f3 de dades per a les fam\u00edlies<\/strong>. Es van refor\u00e7ar els tallers que s\u2019organitzaven per a les fam\u00edlies amb l\u2019objectiu que hi participessin m\u00e9s fam\u00edlies i hi hagu\u00e9s una conscienciaci\u00f3 sobre:\n<ul>\n<li>Els perills de compartir informaci\u00f3 personal i dades sensibles.<\/li>\n<li>La necessitat d\u2019utilitzar eines i programes de seguretat i control parental per monitorar l\u2019activitat en l\u00ednia dels seus fills.<\/li>\n<li>La import\u00e0ncia de recon\u00e8ixer enganys i estafes i d\u2019identificar missatges sospitosos, perfils falsos i contrasenyes no prou segures.<\/li>\n<\/ul>\n<\/li>\n<\/ul>\n","protected":false},"excerpt":{"rendered":"<p>El cas pr\u00e0ctic es va abordar des del punt de vista de l\u2019educaci\u00f3 i la prevenci\u00f3. Formaci\u00f3 en identitat digital per a l\u2019alumnat. La professora d\u2019en Jon va fer un seguit d\u2019accions tutorials per formar els alumnes en seguretat, identitat digital, protecci\u00f3 de dades i xarxes socials. A m\u00e9s, hi van participar els Mossos d\u2019Esquadra [&hellip;]<\/p>\n","protected":false},"author":1,"featured_media":0,"parent":0,"menu_order":0,"comment_status":"closed","ping_status":"closed","template":"","meta":{"_acf_changed":false,"footnotes":""},"class_list":["post-119","page","type-page","status-publish","hentry"],"acf":[],"_links":{"self":[{"href":"https:\/\/casos-practics-identitat-digital.recursos.uoc.edu\/gestio-identitat-digital-centre-primaria\/wp-json\/wp\/v2\/pages\/119"}],"collection":[{"href":"https:\/\/casos-practics-identitat-digital.recursos.uoc.edu\/gestio-identitat-digital-centre-primaria\/wp-json\/wp\/v2\/pages"}],"about":[{"href":"https:\/\/casos-practics-identitat-digital.recursos.uoc.edu\/gestio-identitat-digital-centre-primaria\/wp-json\/wp\/v2\/types\/page"}],"author":[{"embeddable":true,"href":"https:\/\/casos-practics-identitat-digital.recursos.uoc.edu\/gestio-identitat-digital-centre-primaria\/wp-json\/wp\/v2\/users\/1"}],"replies":[{"embeddable":true,"href":"https:\/\/casos-practics-identitat-digital.recursos.uoc.edu\/gestio-identitat-digital-centre-primaria\/wp-json\/wp\/v2\/comments?post=119"}],"version-history":[{"count":6,"href":"https:\/\/casos-practics-identitat-digital.recursos.uoc.edu\/gestio-identitat-digital-centre-primaria\/wp-json\/wp\/v2\/pages\/119\/revisions"}],"predecessor-version":[{"id":179,"href":"https:\/\/casos-practics-identitat-digital.recursos.uoc.edu\/gestio-identitat-digital-centre-primaria\/wp-json\/wp\/v2\/pages\/119\/revisions\/179"}],"wp:attachment":[{"href":"https:\/\/casos-practics-identitat-digital.recursos.uoc.edu\/gestio-identitat-digital-centre-primaria\/wp-json\/wp\/v2\/media?parent=119"}],"curies":[{"name":"wp","href":"https:\/\/api.w.org\/{rel}","templated":true}]}}