{"id":58,"date":"2024-11-20T13:08:53","date_gmt":"2024-11-20T11:08:53","guid":{"rendered":"https:\/\/casos-practics-identitat-digital.recursos.uoc.edu\/gestio-identitat-digital-centre-primaria\/?page_id=58"},"modified":"2024-12-03T12:38:22","modified_gmt":"2024-12-03T10:38:22","slug":"1-6-millora-de-lalfabetitzacio-digital","status":"publish","type":"page","link":"https:\/\/casos-practics-identitat-digital.recursos.uoc.edu\/gestio-identitat-digital-centre-primaria\/1-6-millora-de-lalfabetitzacio-digital\/","title":{"rendered":"1.6. Millora de l\u2019alfabetitzaci\u00f3 digital"},"content":{"rendered":"<p>Ensenyar identitat digital tamb\u00e9 ajuda a millorar l\u2019alfabetitzaci\u00f3 digital general dels infants. Segons l\u2019OCDE (2023), la<strong> relaci\u00f3 entre l\u2019alfabetitzaci\u00f3 digital i l\u2019\u00e8xit acad\u00e8mic<\/strong> continua sent un tema rellevant en els estudis recents. El <em>2023 Digital Education Outlook<\/em> destaca que la integraci\u00f3 adequada de tecnologies digitals en l\u2019educaci\u00f3 no nom\u00e9s prepara millor els estudiants per al futur laboral, sin\u00f3 que tamb\u00e9 contribueix significativament als seus resultats acad\u00e8mics. Aix\u00f2 demostra que la comprensi\u00f3 i la gesti\u00f3 adequada de la identitat digital no nom\u00e9s protegeix els infants, sin\u00f3 que tamb\u00e9 els prepara per a un \u00e8xit acad\u00e8mic i professional.<\/p>\n<p>La identitat digital \u00e9s un aspecte essencial de la vida moderna que t\u00e9 implicacions profundes per a la seguretat, la reputaci\u00f3 i el benestar dels nens.<\/p>\n<div class=\"featured featured-blue\"><p>Integrar l\u2019ensenyament sobre la gesti\u00f3 de la identitat digital en l\u2019educaci\u00f3 prim\u00e0ria no nom\u00e9s ajuda a protegir els infants en el present, sin\u00f3 que tamb\u00e9 els prepara per gestionar la seva pres\u00e8ncia en l\u00ednia de manera responsable i segura en el futur.<\/p>\n<\/div>\n<p>Les dades i les xifres subratllen la necessitat urgent d\u2019aquesta educaci\u00f3 per crear una generaci\u00f3 de ciutadans digitals informats i responsables.<\/p>\n","protected":false},"excerpt":{"rendered":"<p>Ensenyar identitat digital tamb\u00e9 ajuda a millorar l\u2019alfabetitzaci\u00f3 digital general dels infants. Segons l\u2019OCDE (2023), la relaci\u00f3 entre l\u2019alfabetitzaci\u00f3 digital i l\u2019\u00e8xit acad\u00e8mic continua sent un tema rellevant en els estudis recents. El 2023 Digital Education Outlook destaca que la integraci\u00f3 adequada de tecnologies digitals en l\u2019educaci\u00f3 no nom\u00e9s prepara millor els estudiants per al [&hellip;]<\/p>\n","protected":false},"author":1,"featured_media":0,"parent":0,"menu_order":0,"comment_status":"closed","ping_status":"closed","template":"","meta":{"_acf_changed":false,"footnotes":""},"class_list":["post-58","page","type-page","status-publish","hentry"],"acf":[],"_links":{"self":[{"href":"https:\/\/casos-practics-identitat-digital.recursos.uoc.edu\/gestio-identitat-digital-centre-primaria\/wp-json\/wp\/v2\/pages\/58"}],"collection":[{"href":"https:\/\/casos-practics-identitat-digital.recursos.uoc.edu\/gestio-identitat-digital-centre-primaria\/wp-json\/wp\/v2\/pages"}],"about":[{"href":"https:\/\/casos-practics-identitat-digital.recursos.uoc.edu\/gestio-identitat-digital-centre-primaria\/wp-json\/wp\/v2\/types\/page"}],"author":[{"embeddable":true,"href":"https:\/\/casos-practics-identitat-digital.recursos.uoc.edu\/gestio-identitat-digital-centre-primaria\/wp-json\/wp\/v2\/users\/1"}],"replies":[{"embeddable":true,"href":"https:\/\/casos-practics-identitat-digital.recursos.uoc.edu\/gestio-identitat-digital-centre-primaria\/wp-json\/wp\/v2\/comments?post=58"}],"version-history":[{"count":2,"href":"https:\/\/casos-practics-identitat-digital.recursos.uoc.edu\/gestio-identitat-digital-centre-primaria\/wp-json\/wp\/v2\/pages\/58\/revisions"}],"predecessor-version":[{"id":169,"href":"https:\/\/casos-practics-identitat-digital.recursos.uoc.edu\/gestio-identitat-digital-centre-primaria\/wp-json\/wp\/v2\/pages\/58\/revisions\/169"}],"wp:attachment":[{"href":"https:\/\/casos-practics-identitat-digital.recursos.uoc.edu\/gestio-identitat-digital-centre-primaria\/wp-json\/wp\/v2\/media?parent=58"}],"curies":[{"name":"wp","href":"https:\/\/api.w.org\/{rel}","templated":true}]}}